215. Let y = -63 + z. What is the hundreds digit of y?
1
Let a be (5/2)/((-14)/(-12) - 1). What is the tens digit of 2/10 + 4062/a?
7
Let f = 106 - 110. Let b be f/10 - 316/10. What is the hundreds digit of 2/4 - 3472/b?
1
Suppose -129*b = -70*b - 729004. What is the ten thousands digit of b?
1
Let v be (-4)/(-2) - (-4)/(12/9). Suppose 0 = -3*a + v*f + 570, -a + 5*f = -108 - 92. Let j = a + -123. What is the units digit of j?
2
Let n be 2/(-3) + 44/12. Let d be (-20)/(-8)*(-3 - n)/(-1). Suppose -5*u + 2*u + d = 0, -5*v = -2*u - 465. What is the units digit of v?
5
Suppose -29857 = -25*t + 18568. What is the units digit of t?
7
Suppose -113*o = -99*o - 127960. What is the tens digit of o?
4
Let i(s) = -2*s**3 + 12*s**2 + 4*s - 14. Let l(v) = 5*v**3 - 36*v**2 - 11*v + 42. Let o(z) = 8*i(z) + 3*l(z). What is the units digit of o(-12)?
6
Suppose -4*f = 5*y + 1 - 21, -3*y - 4*f + 4 = 0. What is the hundreds digit of 388/y*(-1 - -5)?
1
Suppose 2*x + b - 6*b = -9, -5*x - 8 = 2*b. Let s be (2/3)/(x/(-9)). Suppose s*z = -5*h + h + 311, -4*z + 2*h + 444 = 0. What is the tens digit of z?
0
Let v(f) = f**3 + 14*f**2 - 16*f - 13. Let q be v(-15). Let l be -1 + 2 + 0 + q. Suppose 104 = 5*x - 4*k - 342, 0 = -l*k - 12. What is the units digit of x?
6
Let k(g) be the third derivative of g**6/120 - 4*g**5/15 + 7*g**4/12 - 2*g**3 + 5*g**2. Let w be k(16). Suppose -w + 32 = -2*v. What is the tens digit of v?
9
Let s(n) = 29*n**2 + 67*n - 559. What is the hundreds digit of s(15)?
9
Let n(f) = 26*f**2 - 147*f - 5513. What is the thousands digit of n(-45)?
3
Suppose q = -o + 2635, -4*q + 8*o + 10524 = 4*o. What is the hundreds digit of q?
6
Let k = 68 - 64. Suppose -k*h = 7*h + 11891. What is the tens digit of (1 + 5)*h/(-69)?
9
Suppose 199 = -k + 5474. Suppose 341 = 18*b - k. What is the hundreds digit of b?
3
Let u(s) = -10*s**2 - 7*s - 1. Let f be u(7). Let g be (262/(-4))/((-15)/f). What is the tens digit of g/(-36) - 1/2?
6
What is the thousands digit of ((-32)/(-8) + -16067)/((0 - 9)/9)?
6
Suppose 3*f + 1 = r, 0 = -r + 7*f - 2*f - 1. Let u(i) = i**3 + 36*i**2 - 82*i - 238. Let w be u(-38). What is the units digit of w*((-52)/8 - r)?
5
Let s = -201 - -1017. What is the tens digit of s?
1
What is the units digit of 17214/3 + (16/144 - (-128)/(-18))?
1
Let c(y) = 15 - 16*y**3 + y**2 - 7 + 17*y**3 + 6*y**2 - 2*y. Let d(x) = x**3 + 4*x**2 + x - 1. Let u be d(-4). What is the units digit of c(u)?
8
Suppose 0 = 4*d - d + h + 26, -2*d - 19 = -h. Let b(l) = -11*l + 668. Let z be b(56). Let v = d + z. What is the units digit of v?
3
Suppose 2*b - 4*u = 316, -4*b - 3*u = -6*b + 316. Let c = 326 + b. What is the units digit of c?
4
Let h be 54*(18/(-72) + (-19)/(-12)). Suppose -6 = -t - h. Let f = 80 + t. What is the units digit of f?
4
Let i = -5247 + 11186. What is the units digit of i?
9
Suppose -98 = -4*q - 5*l, 4*q - 49 = 4*l + 67. Suppose -q*p = -p - 2470. What is the tens digit of p?
9
Suppose -4*y = 4, y + 11 = 3*d + 2*y. Suppose -2*k + 2*n = -678, k - 1697 = -d*k + 4*n. What is the hundreds digit of k?
3
Suppose 5*d + 7 = -145*a + 144*a, -5*a = -4*d + 6. Suppose -2 = 3*j - 5. What is the tens digit of ((-3 - a)*0)/j - -92?
9
Let l = 70 - 54. Suppose -3*v = l - 7. What is the units digit of 3/v + -2 + 63?
0
Suppose -k - 51 - 16 = 0. Let n = k - -40. What is the units digit of (-1)/(3 + 84/n)?
9
Suppose 2836218 = 75*n + 509418. What is the tens digit of n?
2
Let q be 1014/14 - (-7 - 260/(-35)). Suppose 8*t - 48 = q. Suppose -3*z = -t, -a + 3*z + 56 + 6 = 0. What is the tens digit of a?
7
Let j(i) = -3*i**2 + 13*i + 107. Let d be j(20). Let a = d - -1589. What is the units digit of a?
6
Let m(l) be the third derivative of 13*l**6/24 - l**5/60 - l**4/24 + 15*l**2 - 2. What is the hundreds digit of m(2)?
5
Suppose 5*t + 18 = 2*c - 357, 4*c - 765 = 5*t. Suppose -f + 111 = -2*y, 0 = -2*f + 11*y - 16*y + c. What is the units digit of f?
5
Let x = -3438 - -5078. What is the tens digit of x?
4
Suppose 0 = 4*r + 2*p - 164, -3*r + r = 4*p - 94. Suppose -10*l + 11 + r = 0. Suppose -17 = -4*h - l. What is the units digit of h?
3
Let h(z) = 8*z**2 + 24*z - 35. Let n = -11 + 0. What is the tens digit of h(n)?
6
What is the ten thousands digit of 606 + 14021 - -2*6?
1
Let a = -677 - -6582. What is the units digit of a?
5
Let u be (-2 - 39) + 6/2. Let p = u - -42. What is the units digit of (2/(-5))/(p/(-820))?
2
Let a(u) = u**3 + 13*u**2 - 10*u - 16. Let j be a(-13). Let f(v) = 5*v + 21. Let m be f(-6). What is the units digit of (m/3 - -3)/(-2) + j?
4
Suppose -2992 = -6*f + 10455 + 61739. What is the units digit of f?
1
Suppose 2*u - 1869 = u + 4*w, -2*u + 3702 = w. Let g = u - 1250. What is the units digit of g?
3
Suppose 0 = -4*b + 4*b + 3*b. Let u be b + (-2)/10 - (-14654)/170. Suppose 0 = 5*i - 5, -3*i = 5*o - 2*i - u. What is the units digit of o?
7
What is the thousands digit of ((-71)/6)/(4/(-496))*15/2?
1
Suppose -f = 1 - 4. Suppose h = 5*s - 10, 5*h + f*s - 2*s - 54 = 0. What is the units digit of (6/h + -1)/((-6)/120)?
8
Suppose -2*y + 7037 = 5*q, 3*q - 5224 + 1006 = 3*y. What is the tens digit of (22/(-77))/(-2 + 2811/q)?
3
Suppose 50*y + 3392 = 54*y. Suppose -y = -2*r + 698. What is the hundreds digit of r?
7
Let p(o) = 2835*o - 3287. What is the tens digit of p(4)?
5
Suppose -6*u - 27 = 33. Let o be 10*((-6)/u - 0). Suppose o*g = 9*g - 24. What is the units digit of g?
8
Let p(t) = 9*t - 89. Suppose -91 = -5*u - 1. What is the tens digit of p(u)?
7
Suppose 12*u = 9*u + 9. Suppose 0 = 4*t + u*m - 1460, -2*t - m + 1095 = t. What is the units digit of t?
5
Suppose -4*n + 14289 = -3*p, -2*n + 2760 = p - 4387. What is the units digit of n?
3
Suppose 7*c + 516 = 2*i + 3*c, 1360 = 5*i + 4*c. Suppose -s = 3*h - i, 5*s + h - 2*h = 1404. What is the hundreds digit of s?
2
What is the tens digit of 1059582/90 - 38/285?
7
Let k(h) = 4*h + 15. Suppose -5*u - 3 = -3*c, 2*u - 2*c - 10 = 2*c. Let l be k(u). Suppose -l*q + 141 = -0. What is the units digit of q?
7
Suppose 5341 + 36280 = 43*t - 42*t. What is the units digit of t?
1
Suppose 109 = 5*t + 4*o - 158, -4*o = 8. Let d(j) = 13*j + 827. Let p be d(-64). Let x = t - p. What is the units digit of x?
0
Let m = 9110 + -2375. What is the tens digit of m?
3
Suppose 0 = -5*q + 12 - 7, -2*q = 3*y - 19463. What is the thousands digit of y?
6
Let y(w) = 121*w - 93. Let j be y(5). Let h = 810 - j. What is the hundreds digit of h?
2
Suppose -1935*n = -w - 1931*n + 36031, -3*n - 144241 = -4*w. What is the thousands digit of w?
6
Suppose b - 145*m - 28251 = -148*m, -56502 = -2*b + 2*m. What is the tens digit of b?
5
Let y = -5 + -6. Let f(j) = -j**3 - 9*j**2 + 23*j + 13. Let q be f(y). Suppose q*x - 94 = 46. What is the tens digit of x?
7
Suppose -u + 736 = -5*z, -241 + 3947 = 5*u + z. Let m = u - 161. Suppose -5*g = -m + 85. What is the units digit of g?
9
Let k = -6074 + 11999. What is the tens digit of k?
2
Let m(p) = -2*p**3 - 84*p**2 - 47*p - 145. What is the units digit of m(-43)?
4
Let n(s) = -141*s + 13. Let b be n(1). Let y = 952 + b. What is the hundreds digit of y?
8
Suppose 3 - 31 = 28*m. What is the tens digit of 410*(m + 8 + -5)?
2
Let t(r) = 50*r + 16*r - 19*r + 1 - 15*r. Let a be t(5). Suppose a = z + k, 2*k - 156 = -2*z + z. What is the hundreds digit of z?
1
Let r = 38538 - 26362. What is the units digit of r?
6
What is the units digit of 3/(-81)*-1276504 - (-540)/7290?
8
Let h(j) = 275*j + 2791. What is the ten thousands digit of h(33)?
1
Let m(a) = -6*a**3 + 4*a**3 + 10 + 16*a**2 + 3*a**3 - 17*a + 40*a. What is the tens digit of m(-13)?
1
Let u(g) = -g**3 - 3*g**2 + 4*g + 2. Let x be u(-7). Suppose 9*v + x = 11*v. What is the units digit of v?
5
What is the hundreds digit of (-30 - (-5910)/195) + (-300517)/(-13)?
1
Suppose 31*d = 36*d + 3*v - 75635, 2*d - 3*v = 30233. What is the thousands digit of d?
5
Let z = -13439 - -24286. What is the ten thousands digit of z?
1
What is the hundreds digit of ((-4058)/(-5))/(-3 - 32/(-10))?
0
Let x = 17748 + -11592. What is the units digit of x?
6
Let l = -17033 + 36859. What is the hundreds digit of l?
8
Suppose 7 = 3*a + l, 0 = 3*a - 2*l - l - 15. Let w be (4/((-2)/1) - -3)*a. Let b(h) = -h**2 + 5*h - 2. What is the units digit of b(w)?
4
Let v(o) = -o**3 + 7*o**2 - 14*o + 21